hat is -11 - 132415?
-132430
In base 5, what is 142 - -22214?
22411
In base 16, what is -17 - -9e8?
9d1
In base 5, what is 34 - 322122?
-322033
In base 3, what is -1002110020 + 10021?
-1002022222
In base 10, what is 4866 - 27?
4839
In base 14, what is 0 + -adb1?
-adb1
In base 5, what is -4300 - 1304?
-11104
In base 6, what is -523304 + 123?
-523141
In base 14, what is 1a2416 - -5?
1a241b
In base 9, what is 50 - 2346?
-2286
In base 4, what is 33230023 - 32?
33223331
In base 8, what is 3 - 715562?
-715557
In base 16, what is 3d985f + -4?
3d985b
In base 14, what is 640 - 6a9?
-69
In base 9, what is -786 + 10?
-776
In base 10, what is -9899 - -79?
-9820
In base 15, what is a8e4 + -3?
a8e1
In base 16, what is -78 - -29f?
227
In base 6, what is -203204 + 1?
-203203
In base 13, what is -28 + 137?
10c
In base 12, what is -6 + aa2?
a98
In base 15, what is 924b - -1?
924c
In base 8, what is -744 + 22077?
21133
In base 16, what is 8673 - -5?
8678
In base 9, what is -4175 - -13?
-4162
In base 5, what is 4 + 1411?
1420
In base 11, what is 5aa5 + -4?
5aa1
In base 15, what is 3b - ebeb?
-ebb0
In base 3, what is -121 + 21221102020?
21221101122
In base 4, what is -22213322 - -13?
-22213303
In base 7, what is 20641 + -5?
20633
In base 13, what is -b2328 + 2?
-b2326
In base 13, what is 191 - -18c4?
1a85
In base 7, what is -210 - -300?
60
In base 11, what is -28 + 3675?
3648
In base 6, what is -224 - -3?
-221
In base 8, what is 2 - 375233?
-375231
In base 9, what is -33734 + 27?
-33706
In base 16, what is -3be5a + 2?
-3be58
In base 9, what is 26007 - 3?
26004
In base 8, what is -217575 + 2?
-217573
In base 8, what is -1361 - -105?
-1254
In base 3, what is -1122021 + 10000?
-1112021
In base 14, what is -a4 + 8055?
7d91
In base 8, what is 1437 + 1066?
2525
In base 3, what is 222200 + -11?
222112
In base 4, what is 231102321 - -10?
231102331
In base 15, what is 14bb + -d4?
13d7
In base 12, what is a - -8146?
8154
In base 8, what is -250252 - -23?
-250227
In base 15, what is 1 + 190dae?
190db0
In base 12, what is -1027 + 229?
-9ba
In base 8, what is 4 + -25240?
-25234
In base 14, what is 4 - 409086?
-409082
In base 7, what is -4401 + 21?
-4350
In base 12, what is 10 + -9a01?
-99b1
In base 6, what is -3 + 10432310?
10432303
In base 15, what is 6cb8 + -6?
6cb2
In base 9, what is 7044 - 152?
6782
In base 8, what is -767 + 200?
-567
In base 4, what is 3 + 1023222030?
1023222033
In base 14, what is -c1c + 10?
-c0c
In base 16, what is -8 - -75e?
756
In base 8, what is -4727 - 405?
-5334
In base 5, what is 11 + 3033430?
3033441
In base 9, what is 60 + -18033?
-17863
In base 9, what is 2042 + 1014?
3056
In base 9, what is 2 + 20885?
20887
In base 11, what is 5 + 16725?
1672a
In base 9, what is 37 - 6572?
-6534
In base 13, what is -49b - -1c6?
-2a5
In base 3, what is -1 - 12020110?
-12020111
In base 13, what is 7a2b + -5?
7a26
In base 7, what is 1154355 - 2?
1154353
In base 6, what is -13250 - 1?
-13251
In base 7, what is 0 + -166646?
-166646
In base 2, what is -11001111110011011010 + 1?
-11001111110011011001
In base 11, what is 2 - 174833?
-174831
In base 2, what is -11000000 + 1010001010010?
1001110010010
In base 7, what is 5 + -123244?
-123236
In base 7, what is 4 + -1344101?
-1344064
In base 12, what is -5 + -573?
-578
In base 9, what is 16606 - 232?
16364
In base 5, what is -430311 - 144?
-431010
In base 16, what is 2f8c20 + -4?
2f8c1c
In base 16, what is -10 - -36?
26
In base 5, what is -1033 - -21441?
20403
In base 6, what is 214251 + -11?
214240
In base 4, what is -1023133 - -11?
-1023122
In base 5, what is -1 - 442110?
-442111
In base 8, what is -20 + 2462?
2442
In base 14, what is -1c - 7dd9?
-8017
In base 13, what is 1419 - -11?
142a
In base 13, what is -30b + -c?
-31a
In base 10, what is -3974 + 1?
-3973
In base 9, what is 2136 - -1274?
3421
In base 7, what is 306 + 510?
1116
In base 11, what is 4 - 59745?
-59741
In base 14, what is -10 - 392cc?
-392dc
In base 8, what is 3 - 42760?
-42755
In base 14, what is -36a - -2b5?
-95
In base 16, what is a3f - 8?
a37
In base 3, what is -21120102001 + -11?
-21120102012
In base 12, what is 1334 - b?
1325
In base 14, what is -76 + 380?
308
In base 11, what is 6812 + 2?
6814
In base 7, what is -11163 + -563?
-12056
In base 3, what is 10200010 - -2?
10200012
In base 2, what is -10011011001110 + 101010?
-10011010100100
In base 8, what is -512165 + 0?
-512165
In base 16, what is 1 + 1a55?
1a56
In base 6, what is 31 - 112?
-41
In base 8, what is -276 - -3120?
2622
In base 9, what is 23 - 13771?
-13747
In base 11, what is -5 + -2035?
-203a
In base 2, what is 1011000101000 + -10111?
1011000010001
In base 8, what is 1 - -152561?
152562
In base 11, what is 3 + 695a?
6962
In base 9, what is 11487 + 31?
11528
In base 10, what is -205 + 3836?
3631
In base 4, what is 22 - -1332322?
1333010
In base 12, what is 3 - b076?
-b073
In base 15, what is -1a8 - 114e?
-1307
In base 4, what is -10131 + -20002?
-30133
In base 14, what is -263d + 34?
-2609
In base 6, what is 14 + -24422?
-24404
In base 15, what is 0 + d17b?
d17b
In base 8, what is -4 - -172552?
172546
In base 9, what is 0 + -73261?
-73261
In base 9, what is -2484 + 1878?
-505
In base 5, what is 4 - -402300?
402304
In base 3, what is -21 - 1112201021?
-1112201112
In base 8, what is 13 + 116371?
116404
In base 12, what is 291 + 766b?
7940
In base 6, what is 132 - 153013?
-152441
In base 2, what is 110 - 11011000100000?
-11011000011010
In base 11, what is 14 + 513?
527
In base 4, what is -21212 + -2021130?
-2103002
In base 2, what is 100000111101 - -1100110?
100010100011
In base 4, what is 12122 - -31323?
110111
In base 5, what is 141002 - 2?
141000
In base 3, what is -22112221 + 221201?
-21121020
In base 15, what is 1885 + 2b?
18b1
In base 3, what is 122102012 - -12?
122102101
In base 4, what is -30 + 103301202?
103301112
In base 7, what is -1 + 2000461?
2000460
In base 12, what is 678 + 4?
680
In base 5, what is 0 - -123013112?
123013112
In base 8, what is 23 + -4477?
-4454
In base 16, what is 8a71 - 1?
8a70
In base 12, what is -135 - a77?
-bb0
In base 3, what is -2110 + -21210?
-101020
In base 14, what is -6471 + -2?
-6473
In base 13, what is a64 + 308?
106c
In base 10, what is 8 - 9743?
-9735
In base 13, what is 6 + 353?
359
In base 10, what is -9602 - -8?
-9594
In base 12, what is 35628 - 32?
355b6
In base 9, what is -22 - -180?
157
In base 9, what is -62302 + -71?
-62373
In base 10, what is 709 + -1748?
-1039
In base 2, what is 0 + -1000100101000101?
-1000100101000101
In base 4, what is -10222 + -3303?
-20131
In base 16, what is 2 + 1be9?
1beb
In base 6, what is -355 - 3001?
-3400
In base 2, what is -101110110010 + -10?
-101110110100
In base 4, what is 2 + -100003323?
-100003321
In base 5, what is -2 + -43340203?
-43340210
In base 3, what is -2 + 11221211?
11221202
In base 3, what is -2212120002 - 1?
-2212120010
In base 9, what is 6770 - 22?
6747
In base 4, what is -1001021012 + 21?
-1001020331
In base 11, what is -3059 + -529?
-3587
In base 16, what is -5 - -1f2cc?
1f2c7
In base 10, what is 199569 + -2?
199567
In base 16, what is -5d - -4e7?
48a
In base 10, what is 3 - 39715?
-39712
In base 12, what is 6a02 - 1?
6a01
In base 8, what is 36 + -34552?
-34514
In base 13, what is -4 - 13546?
-1354a
In base 3, what is 0 + 112220022121?
112220022121
In base 5, what is 2223334 + 3?
2223342
In base 13, what is -270 - 6c?
-30c
In base 4, what is -3033313 + -20?
-3033333
In base 13, what is 5 - -20c95?
20c9a
In base 14, what is -12a7 + 5?
-12a2
In base 12, what is 5 + -4847a?
-48475
In base 15, what is 13183 + 1?
13184
In base 10, what is -37 - -1660?
1623
In base 8, what is -125 + -1516?
-1643
In base 15, what is 2 - -ea3a3?
ea3a5
In base 12, what is -11a77 + 20?
-11a57
In base 5, what is -444301 - 44?
-444400
In base 13, what is 6425 + 18?
6440
In base 5, what is -13114123 + -1?
-13114124
In base 5, what is -1332320233 - -4?
-1332320224
In base 16, what is 3 + -e28?
-e25
In base 16, what is -353e - b?
-3549
In base 3, what is 201101211010 + -2?
201101211001
In base 5, what is 0 + -101101232?
-101101232
In base 13, what is 8 + -40119?
-40111
In base 10, what is 15 - -21256?
21271
In base 4, what is 112322 + -11002?
101320
In base 9, what is 334 - 14854?
-14520
In base 3, what is 10 + -12